t l = -27592 - -27664. Calculate the remainder when l is divided by 64.
8
Calculate the remainder when 158/2370 + (-539)/(-15) is divided by (-28)/224 + 338/16.
15
Suppose -3*v + 4*r + 4263 = 0, -22*v + 22*v - 5*r = 0. Calculate the remainder when v is divided by 473.
2
Suppose 0 = -289*w + 290*w - 432. Calculate the remainder when w is divided by 29.
26
What is the remainder when 309 is divided by -22 - -176 - 4*-1 - 3?
154
Let c = -475 - -552. What is the remainder when 371 is divided by c?
63
Calculate the remainder when 325 is divided by ((-198)/9 + 16)/((-4)/58).
64
Suppose 327*d + 22200 = 387*d. Calculate the remainder when d is divided by 7.
6
Let w = 96 + -63. Let r = 42 - w. What is the remainder when (-3 + 2)*(4 - r) is divided by 2?
1
Let a = -5362 - -6119. Calculate the remainder when a is divided by 250.
7
Suppose 0 = -38*u + 169*u - 1179. Calculate the remainder when 2568 is divided by u.
3
Suppose 0 = -3*r - 2*n + 173, -4*n = -0*n - 16. Suppose 2*j - 12*b - 32 = -8*b, -3*j + 48 = 3*b. What is the remainder when r is divided by j?
7
Let f(k) = 25*k - 147. Let a be f(9). Suppose -a - 25 = -y + 4*z, 2*y = 3*z + 181. What is the remainder when 167 is divided by y?
1
Let s(a) = -3*a. Let l(t) = -t + 1. Let g(v) = 9*l(v) - 4*s(v). Calculate the remainder when 67 is divided by g(1).
7
Let a be (-41)/(-3) - 14*(-24)/(-504). Suppose 6*h = 2*h + 4*x + 52, -4*h - 3*x + 80 = 0. Suppose 6*q = a + h. Calculate the remainder when 18 is divided by q.
3
Suppose 853 = -m + u, -m - 554 = 4*u + 274. Let w = -504 - m. Suppose -4*f + w = -20. What is the remainder when f is divided by 19?
15
Suppose 4*u = 15*i - 10*i + 79, -110 = -5*u + 4*i. What is the remainder when 78 is divided by u?
0
Let w = -5363 + 5537. What is the remainder when w is divided by 48?
30
Let s(z) be the first derivative of z**4/4 + 13*z**3/3 - 21*z**2/2 - 131*z + 210. Calculate the remainder when s(-6) is divided by 8.
7
Let y = 6440 - 6087. What is the remainder when 1433 is divided by y?
21
Let b be 1773/(-63) + (-2)/(-14). Let n = b - -67. Suppose n = 5*h - 4*h. Calculate the remainder when 155 is divided by h.
38
Let b be -3 + (-9 + 9 - 1638/(-3)). Let g = 752 - b. What is the remainder when g is divided by 42?
41
Suppose 0 = 68*p - 755 - 61. What is the remainder when 14 is divided by p?
2
Let a(y) be the first derivative of 7*y**2/2 - 5*y + 1. Suppose 15*g - 561 = 189. What is the remainder when g is divided by a(2)?
5
Let k = 224 + -223. What is the remainder when 32 is divided by ((-88)/(-5))/k + (-138)/230?
15
Suppose 2*k = 5*v + 3614, -1370 + 12164 = 6*k - 3*v. Calculate the remainder when k is divided by 180.
177
Let x(p) = 7*p**2 + 2 + 45*p**2 - 2*p - 2*p**2. Suppose 6*j = 8*j - 26. Calculate the remainder when x(1) is divided by j.
11
Let x(p) = 26*p**2 + 5*p - 16. Let k be x(3). Suppose 1097 + k = 5*a. Calculate the remainder when a is divided by 67.
65
Let v(s) = 11*s**3 + s**2 + 3*s - 3. Suppose c = -b - 2*c + 23, 0 = -4*b - 4*c + 76. Calculate the remainder when v(2) is divided by b.
10
Let k be 140/(-105) - 8/(-6). Suppose 2*f + 5*u - 106 = 173, k = f - 5*u - 177. Calculate the remainder when f is divided by 26.
22
Let o(y) = 1886*y + 902. Calculate the remainder when o(1) is divided by 18.
16
Let f(w) = 398*w**3 + 2*w**2 - w - 1. Let d be f(-1). What is the remainder when (-52569)/d + (-3)/(24/(-10)) is divided by 14?
8
What is the remainder when 1597516/164 + (-90)/(-1845) is divided by 7?
4
Suppose 3*b + 45 = -14*c + 17*c, 3*b - 45 = -3*c. Suppose -5*o = -979 - 816. Calculate the remainder when o is divided by c.
14
Suppose t = 8*t - 7. Calculate the remainder when 70 is divided by (24/28)/(t + 30/(-35)).
4
Suppose 2 = -h + 4*o - 11, 20 = 5*o. Suppose -19*i + 21*i + h*s = 28, 4*i + s = 56. Suppose 0 = 6*y - 4*y - 108. Calculate the remainder when y is divided by i.
12
Suppose 25*k - 10728 = 42*k - 41*k. What is the remainder when k is divided by 14?
13
Suppose -4*g = -12*g. Calculate the remainder when 29 is divided by ((-6)/(-21) - g) + (-680)/(-119).
5
Let c(h) = h**2 + 66*h + 463. What is the remainder when c(-59) is divided by 48?
2
Calculate the remainder when (-21)/((-2457)/(-901914))*3/(-2) is divided by 45.
43
Calculate the remainder when 1006 is divided by (6/(60/(-10)))/((-5)/115).
17
Let y(j) = -16*j. Let t be y(-1). Suppose -k + t = -5. Suppose 5*s + 14523 + 5459 = 199*s. Calculate the remainder when s is divided by k.
19
Suppose 3*n - 1095 = -3*h, h - 1299*n - 371 = -1298*n. Calculate the remainder when 759 is divided by h.
23
Let w be (-52)/39*(28/(-8) - -2). Suppose -5*t + 3*t + 4*l + 18 = 0, 2*l = -w*t - 6. Calculate the remainder when 2 is divided by t.
0
Calculate the remainder when 1526 is divided by (-1432)/(-14) - 17/(476/8).
98
Suppose 341*d + 47872 = 429*d. Calculate the remainder when d is divided by 128.
32
Calculate the remainder when 48/9*3*7097/604 is divided by 185.
3
Suppose k + 226 = 3*k. Suppose -b + 265*j - 244*j + 117 = 0, -4*j - 20 = 0. What is the remainder when k is divided by b?
5
Calculate the remainder when 84/(-9)*(-108)/14 - 3 is divided by (30/(-20))/(6/(-16)) + 16.
9
Let h = -44 + 92. Suppose -44 = 4*o + h. Let g = 32 + o. Calculate the remainder when 24 is divided by g.
6
Let y(w) be the second derivative of -5*w**3/3 + 6*w**2 + 70*w + 2. What is the remainder when y(-7) is divided by 14?
12
Suppose 140 = 4*g - 4*k, 4*g + k = -3*k + 132. Calculate the remainder when g is divided by ((-8)/6)/((-400)/5400).
16
Let i be 3/2 + (-12)/(-8). Suppose -30 = -4*u - 2*g, -2*u = 2*u + g - 35. Let n = u + i. What is the remainder when 25 is divided by n?
12
Suppose 6 = -16*t + 18*t. Suppose 0 = -4*o - 16, -t*l = -4*l + o + 10. Calculate the remainder when (-23 - 5)/(0 - 1) is divided by l.
4
Suppose 4*m + 896 = 20*m. Calculate the remainder when 343 is divided by 3/42 + 2796/m.
43
Let j be (-6 - -5) + (-7 - -34). Suppose 12*r - 202 - j = 0. Calculate the remainder when 435 is divided by r.
17
Let s = 57 + -49. Suppose s*f = 356 + 76. Calculate the remainder when f is divided by 19.
16
Calculate the remainder when (14251/7 - -20) + 18/(-21) is divided by 19.
3
Let w(d) = 24*d**2 - 2*d - 1. Calculate the remainder when 75 - (-25 - (-5 - 5)) is divided by w(-1).
15
Suppose 4*o - 20 = 2*n - 548, -2*n + 528 = o. Suppose -5*x + c + n = 0, 2 + 1 = 3*c. What is the remainder when 100 is divided by x?
47
Let k = 61 - 58. Suppose k*p + 60 = 7*p. Suppose -p*z = -11*z - 36. Calculate the remainder when z is divided by 4.
1
Suppose 13*u + 10*u - 69 = 0. Suppose 3 = u*o, 42*w - 38*w + o = 217. What is the remainder when 159 is divided by w?
51
Suppose -3*m = 5*x - 323, 2*m - 5*m = -4*x - 341. Let h = m - -15. Calculate the remainder when h is divided by 32.
30
Let a = -53 + 135. Let j(m) = 156*m**2 - 615*m + 6. What is the remainder when a is divided by j(4)?
40
Let r(a) = -2*a - 5. Let t be (5 + -5)/(-2) + (-20)/2. Let s(u) = u**2 + 13*u + 15. Calculate the remainder when r(t) is divided by s(-12).
0
Let n(h) = 5*h**2 - 51*h + 15. Let l be n(10). Suppose 31*g = -3*m + 27*g + 615, 0 = m - l*g - 205. What is the remainder when m is divided by 52?
49
Let o = 5723 + -5675. What is the remainder when 973 is divided by o?
13
Let s(h) = 3*h. What is the remainder when (7 - -60 - 63)*(-65)/(-2) is divided by s(4)?
10
Let z = 31392 - 30997. Calculate the remainder when z is divided by 341.
54
Let a(w) = -w**3 + 6*w**2 + w - 5. What is the remainder when 3852/9*3/6 is divided by a(4)?
28
Let n = -176 - -213. Let x = -22 + n. Calculate the remainder when 16 is divided by x.
1
Suppose -231 - 133 = -14*g. Suppose -5*r = -b + 37, 0 = 5*b - 3*r - 2*r - 225. What is the remainder when b is divided by g?
21
Let j = 12 - 9. Suppose -l = 4*w - 83, l + w - j*w = 101. Suppose -182*b + 240 = -170*b. Calculate the remainder when l is divided by b.
15
Let t = -333 + 463. Let q(a) = a**3 + 3*a**2 - a. Let x be q(-3). What is the remainder when t is divided by 20/5 + 5*x?
16
Suppose -3360 = -39*v + 19*v. Calculate the remainder when 102 is divided by ((-25)/(-20))/(6/v).
32
Let k(w) = 7*w**2 - 5*w - 5. Let l = 203 - 199. Suppose -2*j - b = -34, -5*b = -4*j - l + 86. Calculate the remainder when k(-5) is divided by j.
15
Let p = -925 + 985. Calculate the remai